of 138 and 18?
6
What is the highest common factor of 8280 and 63?
9
Calculate the greatest common divisor of 35788 and 92.
92
Calculate the greatest common factor of 30060 and 72.
36
Calculate the highest common divisor of 2310 and 60.
30
Calculate the greatest common divisor of 1140 and 60.
60
Calculate the highest common factor of 11 and 17677.
11
Calculate the greatest common factor of 16 and 5.
1
What is the greatest common divisor of 101 and 101?
101
Calculate the greatest common factor of 312 and 351.
39
What is the highest common factor of 25 and 300?
25
What is the highest common divisor of 14 and 106?
2
What is the greatest common factor of 13 and 1261?
13
What is the highest common factor of 102 and 663?
51
What is the greatest common factor of 12 and 2118?
6
Calculate the highest common divisor of 42 and 710.
2
Calculate the greatest common factor of 312 and 120.
24
Calculate the greatest common factor of 356 and 11570.
178
Calculate the greatest common divisor of 1190 and 70.
70
What is the highest common divisor of 40 and 340?
20
What is the highest common factor of 3240 and 40?
40
Calculate the highest common divisor of 532 and 57.
19
Calculate the highest common factor of 124 and 28.
4
Calculate the highest common divisor of 164 and 656.
164
What is the greatest common factor of 59 and 1003?
59
Calculate the highest common factor of 137 and 28359.
137
What is the greatest common factor of 24 and 1080?
24
What is the greatest common factor of 13110 and 460?
230
Calculate the greatest common factor of 13 and 13.
13
What is the highest common factor of 42168 and 14?
14
Calculate the greatest common divisor of 5564 and 208.
52
Calculate the highest common factor of 35 and 35.
35
What is the highest common factor of 2625 and 357?
21
What is the greatest common divisor of 136 and 272?
136
What is the greatest common factor of 830 and 10?
10
Calculate the highest common factor of 469 and 201.
67
What is the highest common divisor of 27164 and 4?
4
Calculate the highest common divisor of 6 and 3858.
6
What is the highest common factor of 26 and 20?
2
What is the greatest common factor of 4811 and 68?
17
What is the highest common divisor of 105 and 63?
21
Calculate the highest common factor of 357 and 102.
51
What is the greatest common divisor of 500 and 40?
20
Calculate the greatest common factor of 24 and 1644.
12
Calculate the highest common divisor of 2001 and 12.
3
What is the highest common factor of 2 and 53?
1
What is the highest common divisor of 728 and 2600?
104
What is the highest common divisor of 546 and 42?
42
Calculate the greatest common factor of 5971 and 21.
7
What is the highest common factor of 3105 and 115?
115
What is the highest common divisor of 52162 and 44?
22
What is the greatest common divisor of 16746 and 6?
6
What is the highest common factor of 855 and 63?
9
What is the highest common factor of 1498 and 2?
2
What is the greatest common factor of 3551 and 67?
67
What is the highest common divisor of 657 and 27?
9
What is the highest common factor of 35 and 1645?
35
What is the greatest common divisor of 95 and 4085?
95
What is the greatest common factor of 312 and 82056?
312
What is the highest common factor of 37 and 370?
37
Calculate the greatest common factor of 1540 and 35.
35
Calculate the greatest common divisor of 14 and 756.
14
What is the greatest common divisor of 1158 and 2123?
193
Calculate the greatest common factor of 144 and 3600.
144
What is the highest common divisor of 1212 and 84?
12
Calculate the greatest common divisor of 5884 and 4.
4
Calculate the greatest common factor of 40 and 1480.
40
What is the highest common factor of 532 and 171?
19
What is the greatest common divisor of 42 and 4578?
42
What is the highest common factor of 7 and 22547?
7
What is the greatest common factor of 107 and 60455?
107
What is the greatest common factor of 26 and 247?
13
What is the greatest common divisor of 1098 and 122?
122
Calculate the greatest common divisor of 153 and 6.
3
What is the greatest common factor of 192 and 88512?
192
What is the greatest common factor of 18 and 495?
9
What is the highest common factor of 26 and 260?
26
What is the greatest common factor of 101243 and 137?
137
Calculate the highest common divisor of 40 and 30.
10
Calculate the greatest common divisor of 825 and 33.
33
Calculate the highest common divisor of 22 and 8019.
11
What is the highest common divisor of 75924 and 54?
54
Calculate the greatest common factor of 6887 and 142.
71
What is the greatest common factor of 49 and 98?
49
Calculate the highest common factor of 92 and 414.
46
What is the highest common factor of 190 and 30?
10
What is the greatest common factor of 656 and 16?
16
Calculate the highest common divisor of 11 and 33.
11
Calculate the highest common divisor of 4988 and 172.
172
What is the highest common factor of 252 and 4?
4
Calculate the greatest common factor of 121 and 22.
11
What is the greatest common factor of 112 and 21?
7
What is the greatest common factor of 209 and 10043?
11
What is the greatest common factor of 24 and 888?
24
What is the greatest common divisor of 276 and 5612?
92
Calculate the highest common divisor of 20 and 5.
5
Calculate the highest common factor of 1072 and 1742.
134
Calculate the greatest common factor of 192 and 176.
16
Calculate the highest common factor of 3094 and 91.
91
What is the highest common factor of 105 and 714?
21
What is the greatest common factor of 12 and 528?
12
Calculate the highest common divisor of 8 and 344.
8
What is the highest common divisor of 255 and 170?
85
What is the highest common factor of 112 and 70?
14
What is the greatest common factor of 12 and 660?
12
What is the highest common divisor of 650 and 13?
13
What is the greatest common factor of 440 and 930?
10
Calculate the highest common divisor of 16803 and 27.
9
Calculate the greatest common factor of 90 and 3570.
30
What is the highest common divisor of 264 and 616?
88
Calculate the highest common divisor of 184 and 512.
8
Calculate the greatest common divisor of 4092 and 248.
124
What is the greatest common factor of 36 and 48?
12
Calculate the highest common factor of 31486 and 346.
346
Calculate the highest common divisor of 685 and 1507.
137
What is the greatest common divisor of 1911 and 39?
39
Calculate the greatest common factor of 72 and 584.
8
Calculate the greatest common divisor of 246 and 164.
82
What is the greatest common factor of 390 and 4160?
130
Calculate the highest common factor of 36 and 36.
36
What is the greatest common divisor of 474 and 222?
6
What is the greatest common factor of 1414 and 140?
14
What is the greatest common divisor of 32 and 144?
16
What is the greatest common divisor of 360 and 72?
72
Calculate the greatest common factor of 12 and 876.
12
Calculate the highest common divisor of 792 and 2024.
88
Calculate the greatest common divisor of 34 and 2159.
17
Calculate the greatest common factor of 8475 and 2712.
339
What is the greatest common divisor of 18 and 288?
18
What is the highest common factor of 2422 and 14?
14
Calculate the greatest common divisor of 6399 and 79.
79
Calculate the greatest common divisor of 208 and 9178.
26
What is the highest common divisor of 94 and 5875?
47
Calculate the highest common factor of 11 and 128447.
11
Calculate the greatest common divisor of 1025 and 2665.
205
What is the greatest common factor of 144 and 128?
16
What is the highest common factor of 27 and 2?
1
Calculate the highest common divisor of 12 and 564.
12
What is the highest common factor of 2956 and 4?
4
What is the highest common divisor of 23 and 1?
1
Calculate the highest common divisor of 100 and 140.
20
What is the highest common divisor of 3172 and 52?
52
What is the greatest common divisor of 57 and 57?
57
What is the greatest common factor of 435 and 12325?
145
What is the highest common factor of 58 and 1102?
58
What is the highest common factor of 242 and 209?
11
What is the greatest common factor of 14849 and 31?
31
Calculate the greatest common factor of 1155 and 147.
21
Calculate the highest common divisor of 1408 and 11.
11
What is the highest common factor of 1584 and 297?
99
What is the highest common factor of 8 a